- 299. Let t = 238 + s. List the prime factors of t.
2, 97
Suppose -125311 = -8*d + 5*u, -5*d - 4*u = -3*d - 31354. What are the prime factors of d?
15667
Suppose -24*n + 327320 = -510518 + 40078. What are the prime factors of n?
2, 3, 5, 277
What are the prime factors of (66941/365)/(0 - 1/(-5))?
7, 131
List the prime factors of (6054 + 70/7)/((-6)/(-12)).
2, 379
Let c = 88 - 75. Suppose -2*b - 4400 = -c*b. List the prime factors of b.
2, 5
Let t = -70 + 39. Let k = 31 + t. Suppose 2*r - 3*m = 271, 3*r + 5*m - 72 - 344 = k. What are the prime factors of r?
137
Let m(o) = -o**2 - 17*o - 42. Let v be m(-15). What are the prime factors of 3/((v/(-383))/4)?
383
Let a(m) = -m**2 - m + 4. Let u be a(-2). Suppose u*t = 16 - 2. Suppose -3*j + t*j - 416 = 0. List the prime factors of j.
2, 13
Let x(b) = 45*b - 59*b + 95 + 100*b. What are the prime factors of x(10)?
5, 191
Let v(n) = -21*n**3 - 6*n**2 - 10*n - 1. Let j be v(-5). Suppose -2*u + j = 4*t, 2*t + 10*u = 8*u + 1262. What are the prime factors of t?
631
Suppose 2*c + 531 = -x + 6*x, 2*x - 222 = 4*c. Let y be 320/(-24) + (-1)/(-3). Let n = y + x. List the prime factors of n.
2, 23
Let h(j) = j**3 - 9*j**2 + 8*j - 16. Let d be h(8). List the prime factors of (-2450)/d + (-6)/48.
3, 17
Suppose 3*t = 2*t + 235. Let z be (-219)/((-1 - 2)/((-10)/5)). Let k = z + t. List the prime factors of k.
89
Suppose 0 = -19*g + 13*g + 2172. Suppose g = 2*x - 8. List the prime factors of x.
5, 37
Let v(p) = 74*p**3 + 3*p**2 - 6*p + 11. Let w be v(3). Let r = -516 + w. What are the prime factors of r?
2, 751
Let w(o) = -7 + 16 + 11*o**2 + 4*o + 2*o**3 - 3 - 3*o**3. Suppose -u + 34 = 3*b, 2*u + 48 = 4*b + 6*u. What are the prime factors of w(b)?
2, 5
List the prime factors of 28745*(-6)/5*4*(-9)/108.
2, 5749
Let u = 2915 - 2941. Let p be 1/4 - (-1)/(-4). Let w = p - u. What are the prime factors of w?
2, 13
Suppose -2*w = 4, -k + 2*w - 11 = 5*w. Let j(a) = -a**2 - 5*a + 5. Let x be j(k). Suppose 7*t - 396 = x*t. List the prime factors of t.
2, 3, 11
Let g(o) = 2478*o - 8916. List the prime factors of g(6).
2, 3, 31
Let k(l) = l**2 + 66*l + 834. Let r be k(-17). Let j = -1 + 2. What are the prime factors of r + j + (158 - 22)?
2, 3, 23
Let o = 207 + -168. Let v(u) = 11*u - 161. What are the prime factors of v(o)?
2, 67
Let t(b) = -b**3 - 6*b**2 - 6*b - 3. Let m be t(-5). Suppose -m*k + 746 = n, 5*k + 1125 - 365 = n. Suppose 0 = -0*a - 6*a + n. What are the prime factors of a?
5
Suppose -3029*d + 3040*d - 89034 = 0. What are the prime factors of d?
2, 3, 19, 71
Suppose -d - 6516 = -5*i, 5*d = 9 + 11. Suppose 0*n = 5*t - 3*n - 6510, 0 = t - n - i. What are the prime factors of t?
3, 433
Suppose -3*u + 0*y = -4*y + 1894, 4*u + 2544 = -4*y. Let n = u - -1065. List the prime factors of n.
431
Suppose 2967155 - 562927 = 58*d + 9*d. What are the prime factors of d?
2, 8971
Let n(d) = 8*d**2 + 140*d + 816. List the prime factors of n(-57).
2, 3, 523
Suppose 0 = 8*w - 4*w - d - 131, 0 = -3*d - 9. Suppose 27*s - w*s + 2795 = 0. What are the prime factors of s?
13, 43
Let m(u) = -6*u + 106. Let c be m(19). List the prime factors of (728 - (11 + c)) + (6 - 1).
2, 5, 73
Suppose 1209 + 3003 = 4*b. Let x = 2180 - b. What are the prime factors of x?
7, 23
Let u = 16884 - -13669. What are the prime factors of u?
30553
Let o be (-11)/(110/25)*-2. Suppose 4*c - 5*n - 2841 = 0, -6*c = -o*c + 4*n - 726. List the prime factors of c.
2, 3, 7, 17
Suppose -32700 = -4*u - 2*s, -4*s - 6933 = 5*u - 47814. List the prime factors of u.
11, 743
Let f(a) = -a**3 + 2*a**2 - 3*a + 3. Let v be f(2). What are the prime factors of 6307/34 - v/2?
11, 17
Suppose -53*y = -55*y + 10. Suppose 2*i + 4*a - 611 = 3*a, -y*a = 4*i - 1225. Let n = i - 202. List the prime factors of n.
103
Suppose 0 = 66*z - 54*z - 179496. What are the prime factors of z?
2, 3, 277
Let d(z) = z**3 - 15*z**2 - 28*z - 25. Let q be (119/(-28))/(1/(-4)). What are the prime factors of d(q)?
7, 11
Let u(n) = 3*n - 111. Let r be u(0). What are the prime factors of (-15)/(120/64)*(r + 2)?
2, 109
Let u = 179 - 176. Suppose 5*o - 5*k = 2905, u*o - k = o + 1165. List the prime factors of o.
2, 73
Let d = 67 - 63. Let y be -1*-5*d/(16/4). Suppose y*s = 487 + 523. What are the prime factors of s?
2, 101
Let w = 2901 + -2331. List the prime factors of w.
2, 3, 5, 19
Let b = -613 - -616. Suppose -2*t = -b*q + 5*q - 1346, 5*t = -2*q + 1343. What are the prime factors of q?
2, 337
What are the prime factors of (3*24/108)/((-8)/(-337056))?
2, 3511
What are the prime factors of (127220/(-16))/((-132)/(-96) + -2)?
2, 6361
Let w be 16 + (-3113)/209 + 2/(-19). Let a(h) = 261*h**3 + h**2 + 6*h - 8. What are the prime factors of a(w)?
2, 5, 13
Let x(q) = 2*q**3 + q**2 - 1. Let m be x(-1). List the prime factors of 235 + -6*(-1)/m.
2, 29
Let g(y) = y**2 + 10*y + 16. Let t be g(-8). Suppose t = 14*v - 10*v - 92. Suppose 27*o - v*o = 228. What are the prime factors of o?
3, 19
Let c(h) = -493 + 21*h + 8*h**2 + 270 + 294. List the prime factors of c(-7).
2, 79
Let h(s) = s**3 + 3*s**2 + s + 5. Let f be h(-3). Suppose 3*k - 33 = -f*m + 2, 4*k = -3*m + 51. Let b(z) = 7*z - 4. What are the prime factors of b(m)?
3, 29
Suppose -9286368 = -466*t + 3143716. What are the prime factors of t?
2, 13337
Suppose 245*p - 2588704 = 29*p + 521048. List the prime factors of p.
3, 4799
Let z(f) = -74*f**3 - 3*f**2 + 8*f - 15. Let x be z(-5). Suppose -7*r + 19*r - x = 0. What are the prime factors of r?
2, 5, 19
Suppose 71*f = 74*f - 1494. Let y = f + 69. List the prime factors of y.
3, 7
Let b = -9913 - -24833. List the prime factors of b.
2, 5, 373
What are the prime factors of ((-191310)/525)/(2/(-50))?
2, 5, 911
Suppose 19*d = 13*d + 60. Suppose -4*u = -3*u + 3*l + 5, d = -5*l. List the prime factors of (u + -12 + -4)/((-1)/10).
2, 3, 5
Suppose 0 = 16*p + 5*p. Let q(s) = s**3 - s + 2. Let i be q(0). Suppose p = i*m - 6*m + 356. What are the prime factors of m?
89
Let r(t) be the second derivative of 7*t**3/3 + t**2/2 + t. Let s be r(-3). Let z = s + 82. List the prime factors of z.
41
Let m be ((-10)/(-4))/((-2)/4). Let v(u) = 2*u**2 + 12*u + 10. Let w be v(m). Suppose 0 = -w*s + 3*s - 180. List the prime factors of s.
2, 3, 5
Suppose 27485 = -86*o + 87*o. Suppose -13*j = 10*j - o. What are the prime factors of j?
5, 239
Suppose 0 = 5*a - a - 5*r - 61993, -3*a - 3*r = -46515. List the prime factors of a.
2, 23, 337
Let x(r) be the first derivative of -r**3/3 + 3*r**2/2 + 2*r - 26. Let y be x(3). Suppose 2*d - y*z - 10 = 0, -2*d + 4*z + 19 = -z. List the prime factors of d.
2
Let r(o) = 11*o**2 - 62*o + 24. List the prime factors of r(30).
2, 3, 7
Suppose 16*o - 10*o - 42 = 0. Suppose -n = 2*m - 900, 3*m + 1824 = o*m - 4*n. List the prime factors of m.
2, 113
Let h be 165/(-10) + 4/(-8). Let l = h + 8. What are the prime factors of (3/(-2))/(l/930)?
5, 31
Let t(w) = w**3 - 12*w**2 - 10*w + 10. Let h be t(11). Let n = 524 + h. What are the prime factors of n?
3, 101
Suppose 6*d - 205 = -109. Suppose -20*l - 3*c = -d*l - 1711, 3*l - c = 1267. What are the prime factors of l?
2, 53
Let g(l) = 764*l + 2093. List the prime factors of g(7).
7, 1063
Let r(i) = -280*i - 190 - 143 + 131. List the prime factors of r(-4).
2, 3, 17
Suppose 2*s - 126 = -3*w, -s + 2*w + 70 = -0*s. Let n = 107 - -10. Let z = n - s. List the prime factors of z.
3, 17
Suppose 21 = 4*u + 3*n, 5 = n - 2*n. List the prime factors of ((-429)/26)/(u/(-12)).
2, 11
Let u(m) = 2*m**2 + 17*m - 35. Let o be u(-10). Suppose 4*l = 302 - 78. Let k = o + l. What are the prime factors of k?
3, 17
Let u = 7504 + -1986. List the prime factors of u.
2, 31, 89
Let h = -955 + 25090. What are the prime factors of h?
3, 5, 1609
Suppose 14*o - 18*o + 4*t + 34988 = 0, 0 = -4*o - 5*t + 35024. List the prime factors of o.
3, 2917
Let c(p) = p**2 + 7*p - 10. Let z be c(-9). Suppose 4*o = 5*t + 12, -z = 2*t - 2*o - 2. Let k = t - -10. List the prime factors of k.
2, 5
Let k(n) = 35*n**3 - 1. Let w be k(-1). Let y = -32 - w. List the prime factors of (4 - 325/(-5)) + y.
73
Suppose 5*k + 79*k - 4720409 = -95*k. What are the prime factors of k?
26371
Let t = 6529 + -1839. What are the prime factors of t?
2, 5, 7, 67
Suppose 2*r - 5*x = -0*x + 180, 4*x + 93 = r. Let o = r - 80. Li